{"id":3099,"date":"2020-10-13T09:17:42","date_gmt":"2020-10-13T08:17:42","guid":{"rendered":"https:\/\/petitateliernumerique.com\/?page_id=3099"},"modified":"2020-11-19T14:51:31","modified_gmt":"2020-11-19T13:51:31","slug":"formation-photoshop-lyon","status":"publish","type":"page","link":"https:\/\/petitateliernumerique.com\/index.php\/formation-photoshop-lyon\/","title":{"rendered":"Photoshop Lyon : trouvez une formation Photoshop \u00e0 Lyon !"},"content":{"rendered":"<p>[et_pb_section fb_built=\u00a0\u00bb1&Prime; _builder_version=\u00a0\u00bb3.19.18&Prime;][et_pb_row _builder_version=\u00a0\u00bb3.19.18&Prime;][et_pb_column type=\u00a0\u00bb4_4&Prime; _builder_version=\u00a0\u00bb3.19.18&Prime;][et_pb_text _builder_version=\u00a0\u00bb3.19.18&Prime;]<\/p>\n<h1>Photoshop Lyon : trouvez une formation Photoshop \u00e0 Lyon !<\/h1>\n<p>[\/et_pb_text][\/et_pb_column][\/et_pb_row][\/et_pb_section][et_pb_section fb_built=\u00a0\u00bb1&Prime; custom_padding_last_edited=\u00a0\u00bbon|desktop\u00a0\u00bb _builder_version=\u00a0\u00bb3.0.74&Prime; background_color=\u00a0\u00bb#ffffff\u00a0\u00bb background_image=\u00a0\u00bbhttps:\/\/petitateliernumerique.com\/wp-content\/uploads\/2016\/05\/FormationPAO-Header-entier-new.jpg\u00a0\u00bb parallax=\u00a0\u00bbon\u00a0\u00bb parallax_method=\u00a0\u00bboff\u00a0\u00bb custom_padding_tablet=\u00a0\u00bb50px|0|50px|0&Prime; transparent_background=\u00a0\u00bboff\u00a0\u00bb padding_mobile=\u00a0\u00bboff\u00a0\u00bb][et_pb_row _builder_version=\u00a0\u00bb3.0.47&Prime; background_size=\u00a0\u00bbinitial\u00a0\u00bb background_position=\u00a0\u00bbtop_left\u00a0\u00bb background_repeat=\u00a0\u00bbrepeat\u00a0\u00bb][et_pb_column type=\u00a0\u00bb4_4&Prime; _builder_version=\u00a0\u00bb3.0.47&Prime;][et_pb_divider show_divider=\u00a0\u00bboff\u00a0\u00bb height=\u00a0\u00bb500&Prime; disabled_on=\u00a0\u00bbon|on|off\u00a0\u00bb _builder_version=\u00a0\u00bb3.19.18&Prime; parallax=\u00a0\u00bbon\u00a0\u00bb hide_on_mobile=\u00a0\u00bbon\u00a0\u00bb][\/et_pb_divider][\/et_pb_column][\/et_pb_row][\/et_pb_section][et_pb_section fb_built=\u00a0\u00bb1&Prime; _builder_version=\u00a0\u00bb3.19.18&Prime; custom_padding=\u00a0\u00bb0px|0px|0px|0|false|false\u00a0\u00bb][et_pb_row _builder_version=\u00a0\u00bb3.19.18&Prime;][et_pb_column type=\u00a0\u00bb4_4&Prime; _builder_version=\u00a0\u00bb3.19.18&Prime;][et_pb_text _builder_version=\u00a0\u00bb3.19.18&Prime;]Vous cherchez une <a href=\"https:\/\/petitateliernumerique.com\/\">formation Photoshop \u00e0 Lyon<\/a> ? D\u00e9couvrez Petit Atelier Num\u00e9rique, votre partenaire pour utiliser Photoshop comme un pro ! Que vous soyez d\u00e9butant ou d\u2019un niveau avanc\u00e9, l\u2019atelier Photoshop \u00e0 Lyon s\u2019adaptera \u00e0 vos besoins.<\/p>\n<p>D\u00e9couvrez mes formations personnalis\u00e9es Photoshop !<\/p>\n<h2><span style=\"font-size: xx-large;\">Formation Photoshop Lyon, formez-vous \u00e0 Photoshop \u00e0 Lyon<\/span><\/h2>\n<p>Photoshop, comme tous les logiciels de la suite Adobe, est un logiciel tr\u00e8s complet qui permet de faire \u00e9norm\u00e9ment de choses :<\/p>\n<p>\u00b7 Retoucher et manipuler une image<br \/>\n\u00b7 Cr\u00e9er des montages<br \/>\n\u00b7 Pr\u00e9parer une image pour le Web<br \/>\n\u00b7 Pr\u00e9parer une image pour l\u2019impression<br \/>\n\u00b7 Etc&#8230;<\/p>\n<p>L\u2019objectif de ma formation Photoshop \u00e0 Lyon est de vous faire progresser sur Photoshop quelque soit votre niveau.<\/p>\n<p>Je ne laisse personne de c\u00f4t\u00e9 !<\/p>\n<p>Vous \u00eates d\u00e9butant ? Nous commencerons par la prise en main du logiciel et nous verrons des fonctions plus avanc\u00e9es par la suite.<\/p>\n<p>Vous avez d\u00e9j\u00e0 un niveau de base ? Nous ferons juste un rappel des bases et rentrerons directement dans des fonctionnalit\u00e9s avanc\u00e9es de Photoshop.<\/p>\n<h2><span style=\"font-size: xx-large;\">La formation Photoshop Lyon, un atelier personnalis\u00e9<\/span><\/h2>\n<p>Ma formation Photoshop \u00e0 Lyon n\u2019est pas fig\u00e9e. Je m\u2019adapte \u00e0 vos besoins ainsi qu\u2019\u00e0 vos objectifs. Vous pouvez tout \u00e0 fait venir avec une id\u00e9e de r\u00e9alisation en t\u00eate et nous verrons ensemble toutes les \u00e9tapes n\u00e9cessaires \u00e0 sa cr\u00e9ation.<\/p>\n<p>Voici quelques exemples de fonctionnalit\u00e9s que nous pouvons aborder ensemble :<\/p>\n<p>\u00b7 D\u00e9tourages avanc\u00e9s<br \/>\n\u00b7 Palette des calques, fonctions avanc\u00e9es<br \/>\n\u00b7 Chromie<br \/>\n\u00b7 Montages avanc\u00e9s \/ Retouches avanc\u00e9es<br \/>\n\u00b7 Automatisation<br \/>\n\u00b7 Etc&#8230;<\/p>\n<p>Quels que soient vos objectifs professionnels ou personnels, si vous souhaitez d\u00e9buter ou apprendre des fonctionnalit\u00e9s avanc\u00e9es du logiciel, n\u2019h\u00e9sitez pas \u00e0 me contacter afin dans savoir plus sur l\u2019atelier Photoshop \u00e0 Lyon ! Vous pouvez m\u2019envoyer un mail via contact@petitateliernumerique.com ou par t\u00e9l\u00e9phone au 06 73 65 43 38.[\/et_pb_text][\/et_pb_column][\/et_pb_row][et_pb_row _builder_version=\u00a0\u00bb3.19.18&Prime;][et_pb_column type=\u00a0\u00bb4_4&Prime; _builder_version=\u00a0\u00bb3.19.18&Prime;][et_pb_cta button_url=\u00a0\u00bbhttps:\/\/petitateliernumerique.com\/index.php\/page-daccueil\/contact\/\u00a0\u00bb button_text=\u00a0\u00bbUn projet ?\u00a0\u00bb _builder_version=\u00a0\u00bb3.16&Prime; use_background_color=\u00a0\u00bboff\u00a0\u00bb background_layout=\u00a0\u00bblight\u00a0\u00bb use_border_color=\u00a0\u00bboff\u00a0\u00bb border_color=\u00a0\u00bb#ffffff\u00a0\u00bb border_width=\u00a0\u00bb1px\u00a0\u00bb border_style=\u00a0\u00bbsolid\u00a0\u00bb button_letter_spacing_hover=\u00a0\u00bb0&Prime; saved_tabs=\u00a0\u00bball\u00a0\u00bb button_text_size__hover_enabled=\u00a0\u00bboff\u00a0\u00bb button_one_text_size__hover_enabled=\u00a0\u00bboff\u00a0\u00bb button_two_text_size__hover_enabled=\u00a0\u00bboff\u00a0\u00bb button_text_color__hover_enabled=\u00a0\u00bboff\u00a0\u00bb button_one_text_color__hover_enabled=\u00a0\u00bboff\u00a0\u00bb button_two_text_color__hover_enabled=\u00a0\u00bboff\u00a0\u00bb button_border_width__hover_enabled=\u00a0\u00bboff\u00a0\u00bb button_one_border_width__hover_enabled=\u00a0\u00bboff\u00a0\u00bb button_two_border_width__hover_enabled=\u00a0\u00bboff\u00a0\u00bb button_border_color__hover_enabled=\u00a0\u00bboff\u00a0\u00bb button_one_border_color__hover_enabled=\u00a0\u00bboff\u00a0\u00bb button_two_border_color__hover_enabled=\u00a0\u00bboff\u00a0\u00bb button_border_radius__hover_enabled=\u00a0\u00bboff\u00a0\u00bb button_one_border_radius__hover_enabled=\u00a0\u00bboff\u00a0\u00bb button_two_border_radius__hover_enabled=\u00a0\u00bboff\u00a0\u00bb button_letter_spacing__hover_enabled=\u00a0\u00bbon\u00a0\u00bb button_letter_spacing__hover=\u00a0\u00bb0&Prime; button_one_letter_spacing__hover_enabled=\u00a0\u00bboff\u00a0\u00bb button_two_letter_spacing__hover_enabled=\u00a0\u00bboff\u00a0\u00bb button_bg_color__hover_enabled=\u00a0\u00bboff\u00a0\u00bb button_one_bg_color__hover_enabled=\u00a0\u00bboff\u00a0\u00bb button_two_bg_color__hover_enabled=\u00a0\u00bboff\u00a0\u00bb][\/et_pb_cta][\/et_pb_column][\/et_pb_row][\/et_pb_section]<\/p>\n","protected":false},"excerpt":{"rendered":"<p>Photoshop Lyon : trouvez une formation Photoshop \u00e0 Lyon !Vous cherchez une formation Photoshop \u00e0 Lyon ? D\u00e9couvrez Petit Atelier Num\u00e9rique, votre partenaire pour utiliser Photoshop comme un pro ! [&hellip;]<\/p>\n","protected":false},"author":2,"featured_media":0,"parent":0,"menu_order":0,"comment_status":"closed","ping_status":"closed","template":"","meta":{"_et_pb_use_builder":"on","_et_pb_old_content":"","_et_gb_content_width":"","footnotes":""},"class_list":["post-3099","page","type-page","status-publish","hentry"],"yoast_head":"<!-- This site is optimized with the Yoast SEO plugin v27.4 - https:\/\/yoast.com\/product\/yoast-seo-wordpress\/ -->\n<title>Formation Photoshop Lyon - Petit Atelier Num\u00e9rique Formation Photoshop<\/title>\n<meta name=\"description\" content=\"Vous cherchez une formation photoshop \u00e0 Lyon ? D\u00e9couvrez Petit Atelier Num\u00e9rique ! Votre formateur Photoshop \u00e0 Lyon.\" \/>\n<meta name=\"robots\" content=\"index, follow, max-snippet:-1, max-image-preview:large, max-video-preview:-1\" \/>\n<link rel=\"canonical\" href=\"https:\/\/petitateliernumerique.com\/index.php\/formation-photoshop-lyon\/\" \/>\n<meta property=\"og:locale\" content=\"fr_FR\" \/>\n<meta property=\"og:type\" content=\"article\" \/>\n<meta property=\"og:title\" content=\"Formation Photoshop Lyon - Petit Atelier Num\u00e9rique Formation Photoshop\" \/>\n<meta property=\"og:description\" content=\"Vous cherchez une formation photoshop \u00e0 Lyon ? D\u00e9couvrez Petit Atelier Num\u00e9rique ! Votre formateur Photoshop \u00e0 Lyon.\" \/>\n<meta property=\"og:url\" content=\"https:\/\/petitateliernumerique.com\/index.php\/formation-photoshop-lyon\/\" \/>\n<meta property=\"og:site_name\" content=\"Petit Atelier Num\u00e9rique\" \/>\n<meta property=\"article:publisher\" content=\"https:\/\/www.facebook.com\/petitateliernumerique\/\" \/>\n<meta property=\"article:modified_time\" content=\"2020-11-19T13:51:31+00:00\" \/>\n<meta name=\"twitter:card\" content=\"summary_large_image\" \/>\n<meta name=\"twitter:label1\" content=\"Dur\u00e9e de lecture estim\u00e9e\" \/>\n\t<meta name=\"twitter:data1\" content=\"3 minutes\" \/>\n<!-- \/ Yoast SEO plugin. -->","yoast_head_json":{"title":"Formation Photoshop Lyon - Petit Atelier Num\u00e9rique Formation Photoshop","description":"Vous cherchez une formation photoshop \u00e0 Lyon ? D\u00e9couvrez Petit Atelier Num\u00e9rique ! Votre formateur Photoshop \u00e0 Lyon.","robots":{"index":"index","follow":"follow","max-snippet":"max-snippet:-1","max-image-preview":"max-image-preview:large","max-video-preview":"max-video-preview:-1"},"canonical":"https:\/\/petitateliernumerique.com\/index.php\/formation-photoshop-lyon\/","og_locale":"fr_FR","og_type":"article","og_title":"Formation Photoshop Lyon - Petit Atelier Num\u00e9rique Formation Photoshop","og_description":"Vous cherchez une formation photoshop \u00e0 Lyon ? D\u00e9couvrez Petit Atelier Num\u00e9rique ! Votre formateur Photoshop \u00e0 Lyon.","og_url":"https:\/\/petitateliernumerique.com\/index.php\/formation-photoshop-lyon\/","og_site_name":"Petit Atelier Num\u00e9rique","article_publisher":"https:\/\/www.facebook.com\/petitateliernumerique\/","article_modified_time":"2020-11-19T13:51:31+00:00","twitter_card":"summary_large_image","twitter_misc":{"Dur\u00e9e de lecture estim\u00e9e":"3 minutes"},"schema":{"@context":"https:\/\/schema.org","@graph":[{"@type":"WebPage","@id":"https:\/\/petitateliernumerique.com\/index.php\/formation-photoshop-lyon\/","url":"https:\/\/petitateliernumerique.com\/index.php\/formation-photoshop-lyon\/","name":"Formation Photoshop Lyon - Petit Atelier Num\u00e9rique Formation Photoshop","isPartOf":{"@id":"https:\/\/petitateliernumerique.com\/#website"},"datePublished":"2020-10-13T08:17:42+00:00","dateModified":"2020-11-19T13:51:31+00:00","description":"Vous cherchez une formation photoshop \u00e0 Lyon ? D\u00e9couvrez Petit Atelier Num\u00e9rique ! Votre formateur Photoshop \u00e0 Lyon.","breadcrumb":{"@id":"https:\/\/petitateliernumerique.com\/index.php\/formation-photoshop-lyon\/#breadcrumb"},"inLanguage":"fr-FR","potentialAction":[{"@type":"ReadAction","target":["https:\/\/petitateliernumerique.com\/index.php\/formation-photoshop-lyon\/"]}]},{"@type":"BreadcrumbList","@id":"https:\/\/petitateliernumerique.com\/index.php\/formation-photoshop-lyon\/#breadcrumb","itemListElement":[{"@type":"ListItem","position":1,"name":"Accueil","item":"https:\/\/petitateliernumerique.com\/"},{"@type":"ListItem","position":2,"name":"Photoshop Lyon : trouvez une formation Photoshop \u00e0 Lyon !"}]},{"@type":"WebSite","@id":"https:\/\/petitateliernumerique.com\/#website","url":"https:\/\/petitateliernumerique.com\/","name":"Petit Atelier Num\u00e9rique","description":"La formation professionnelle ultra-personnalis\u00e9e","potentialAction":[{"@type":"SearchAction","target":{"@type":"EntryPoint","urlTemplate":"https:\/\/petitateliernumerique.com\/?s={search_term_string}"},"query-input":{"@type":"PropertyValueSpecification","valueRequired":true,"valueName":"search_term_string"}}],"inLanguage":"fr-FR"}]}},"_links":{"self":[{"href":"https:\/\/petitateliernumerique.com\/index.php\/wp-json\/wp\/v2\/pages\/3099","targetHints":{"allow":["GET"]}}],"collection":[{"href":"https:\/\/petitateliernumerique.com\/index.php\/wp-json\/wp\/v2\/pages"}],"about":[{"href":"https:\/\/petitateliernumerique.com\/index.php\/wp-json\/wp\/v2\/types\/page"}],"author":[{"embeddable":true,"href":"https:\/\/petitateliernumerique.com\/index.php\/wp-json\/wp\/v2\/users\/2"}],"replies":[{"embeddable":true,"href":"https:\/\/petitateliernumerique.com\/index.php\/wp-json\/wp\/v2\/comments?post=3099"}],"version-history":[{"count":11,"href":"https:\/\/petitateliernumerique.com\/index.php\/wp-json\/wp\/v2\/pages\/3099\/revisions"}],"predecessor-version":[{"id":3180,"href":"https:\/\/petitateliernumerique.com\/index.php\/wp-json\/wp\/v2\/pages\/3099\/revisions\/3180"}],"wp:attachment":[{"href":"https:\/\/petitateliernumerique.com\/index.php\/wp-json\/wp\/v2\/media?parent=3099"}],"curies":[{"name":"wp","href":"https:\/\/api.w.org\/{rel}","templated":true}]}}